
False
Let x be (3/2)/(9/(-60)). Let l(b) = -b**3 - 10*b**2 + b + 8. Let i be l(-10). Let n = i - x. Is n a multiple of 4?
True
Suppose -o + 0*o = 0, 2*q + 4*o = 156. Suppose -i + 73 = 2*z, 5*i + q = 3*z + 1. Is 11 a factor of z?
False
Let z(d) = -d - 1. Let a be z(2). Let n(f) = f**3 + 2*f**2 - 2*f + 3. Let r be n(a). Is r + (-27)/(-3) - 3 even?
True
Suppose 4*c + 38 = 5*c. Does 7 divide c?
False
Is 18 a factor of -2 - (-8)/6 - (-632)/12?
False
Suppose 0*b - 2*b = -4. Suppose 0 = -b*f + 169 - 63. Suppose 0*y - f = -5*h - 4*y, 4*y + 37 = 5*h. Is h a multiple of 9?
True
Let c(f) = -f**2 - 7*f + 2. Let o be c(-6). Is 174/o - 1/(-4) a multiple of 11?
True
Let v(h) = -h**2 - h. Let q(p) = -63*p**2 - 21*p. Let d(s) = -q(s) + 21*v(s). Does 21 divide d(-1)?
True
Suppose 5*i = 3*j + 8, -3*j = -0*j - 12. Suppose i*x + 14 = 78. Does 6 divide x?
False
Let n be (-9)/(-4 - -1)*1. Suppose i = 3*j + 3*i - 18, -n*j + 9 = -i. Is (-10)/j*(-12)/2 a multiple of 4?
False
Let k(g) = -g**3 + 2. Let y be k(0). Let o(q) = q**2 + 1. Let v be o(1). Suppose -5*b + 146 = -y*s, 0 = -v*b + b + 2*s + 26. Is b a multiple of 10?
True
Let w(p) = -p**2 + 9*p - 14. Let m be w(7). Suppose -5*v + 5*x + 245 = 0, x + 1 = -m*x. Does 21 divide v?
False
Let g = 150 + -92. Suppose 2*p + 0 - g = 0. Does 16 divide p?
False
Let g be 2/10 - (-44)/5. Suppose -132 = -g*l + 5*l. Does 11 divide l?
True
Let j = -26 + 24. Is (18/3)/(j/(-12)) a multiple of 12?
True
Let j(v) = 0*v**3 - 9 + 6*v**2 - 2*v**3 + 8*v + 4*v**2 + 3*v**3. Let t be j(-9). Suppose 100 = 5*z - t*z. Does 14 divide z?
False
Suppose 0 = 3*p - 15, -2*u = -6*u + 4*p - 12. Does 2 divide (8 - 7)/(u/4)?
True
Suppose a + 5*x + 34 = 2*a, a + 4*x - 25 = 0. Does 13 divide a?
False
Let n(m) = 6*m**2 + 22*m - 16. Is 62 a factor of n(-7)?
True
Suppose -5*a + 10*a = 680. Is a a multiple of 14?
False
Let p(t) = t**3 - t + 7. Let g be p(0). Let j = g + -4. Let l(s) = 18*s. Is l(j) a multiple of 18?
True
Let q be -2 - -5 - (5 + 0). Let i = q - -11. Is i a multiple of 8?
False
Let u(y) be the third derivative of y**5/60 - 5*y**4/12 - 7*y**3/3 - y**2. Is u(12) a multiple of 10?
True
Suppose -2*a = -3*m - 40, -3*a + m + 4*m = -62. Does 6 divide 4/a - 246/(-21)?
True
Let b = 127 + -75. Does 13 divide b?
True
Let z(l) = -l - 12. Let w be z(-12). Suppose -2*u - 2*u + 144 = w. Is 11 a factor of u?
False
Let t = 6 + -1. Suppose -3*g = t*w - 16 + 2, -2*w = -3*g + 7. Does 3 divide g?
True
Let v(i) = -i**2 - 15*i - 11. Let t be v(-12). Is -3 + (0 - (-2 - t)) a multiple of 24?
True
Suppose 3 = 3*y - q - 3, -5*y = -2*q - 9. Suppose n = 0, -c = -y*c + n + 6. Does 2 divide c?
False
Suppose 5*q - 691 + 136 = 0. Suppose 4*w - w = 6. Suppose -2*s - q = -5*o, w*o + o + 4*s = 77. Is o a multiple of 18?
False
Let f(t) = t**2 - t - 1. Let p(g) = 4*g**2 + 2*g. Let o(h) = 3*f(h) - p(h). Let u be o(-3). Suppose -5*d + 45 = -2*r - 3*r, 30 = u*d - 2*r. Is 12 a factor of d?
True
Let n(o) = o + 4. Let r be n(-3). Let t(c) = c**3 - 4*c + r - 3*c**2 + 5*c**2 + 0. Is t(-3) a multiple of 2?
True
Suppose 3*s - 84 = 5*k - k, k = 4*s - 112. Let v = -4 + s. Is v a multiple of 8?
True
Let s(o) be the second derivative of 0*o**2 + 0 + 11/6*o**3 - o. Is s(1) a multiple of 4?
False
Let d(h) = 3*h**2 + 31*h - 2. Is d(-13) a multiple of 15?
False
Let u(z) be the second derivative of z**3/6 - 5*z**2/2 - 2*z. Let b be u(5). Suppose -w + b*w + 14 = 0. Is 5 a factor of w?
False
Is 13 a factor of (-17 - 4)*(-19 + -2 + 1)?
False
Suppose 0 = 3*q - 299 + 38. Does 8 divide q?
False
Let w(m) = 17*m + 1. Let d be w(-12). Does 27 divide d/(-2) + (-3)/6?
False
Let h = 89 - -68. Is h a multiple of 28?
False
Suppose 3*s + 0*s = 2*v + 98, -4*v + 56 = s. Does 4 divide s?
True
Let d(q) = -3*q. Suppose 0 = -2*u - 10 - 0. Does 6 divide d(u)?
False
Suppose 9*g - 670 + 76 = 0. Is 22 a factor of g?
True
Suppose -5*x + 0 = 4*u + 2, 3 = -3*x - 3*u. Suppose w + 2*w + 12 = 0, x*w - 64 = -3*h. Is h a multiple of 8?
True
Suppose 87 = c - 74. Is 23 a factor of c?
True
Let a(m) = -m - 2. Let l be a(2). Let t be (-1 - l)*(3 - 2). Let z(v) = v**3 - 3*v - 2. Is z(t) a multiple of 8?
True
Suppose 2*q + 3*u + 18 = -q, 3*u = -5*q - 26. Does 19 divide (-2)/q - 300/(-8)?
True
Let g be 2*(-210)/8*10. Is 8 a factor of (2/6)/((-5)/g)?
False
Suppose d + d = -3*s + 88, -d - 2*s + 44 = 0. Is d a multiple of 16?
False
Suppose 5*p - 111 = -21. Suppose 0*l + 3*l - p = 0. Is 12 a factor of 171/l + 3/(-2)?
False
Let x be -3 - -2 - -1 - -2. Suppose -5*y + o = -126, -x*o = -y + 1 + 17. Let w = y + -2. Is 13 a factor of w?
False
Suppose 0 = -2*x + 7 + 1. Let s(q) = 11*q**3 + 11*q**2 - 4*q + 11. Let a(g) = -5*g**3 - 5*g**2 + 2*g - 5. Let i(r) = x*s(r) + 9*a(r). Is i(-3) a multiple of 7?
False
Suppose -78 = -2*g - 3*l - 9, -l - 87 = -3*g. Is 30 a factor of g?
True
Let d(o) = 16*o**2 - 1. Let v be d(-1). Let l = 0 + v. Is 9 a factor of l?
False
Suppose 0 = -6*q + q + 5*b + 35, 0 = -3*b - 12. Suppose x = q*x - 12. Is 3 a factor of x?
True
Is 3 a factor of 37 + 1 - ((-16)/(-2))/(-4)?
False
Suppose 2*s - 70 = 20. Does 9 divide s?
True
Let g = -109 + 285. Is g a multiple of 22?
True
Suppose 3*k - 11*k + 160 = 0. Is 20 a factor of k?
True
Let q be 5 - (2 + -3)*0. Suppose r + 160 = q*r. Is r a multiple of 18?
False
Is (22/(-6))/(2/(-66)) a multiple of 34?
False
Suppose -2*w - 2*w = 0. Let o(l) = 0*l**3 - l**3 + 4*l + w*l**3. Is o(-3) a multiple of 15?
True
Let t(x) = 2*x**2 - x + 2. Let n(p) = -p - 1. Let b be n(-5). Let k be t(b). Suppose 0 = -4*j + 6 + k. Is 4 a factor of j?
False
Let j = -15 - -19. Suppose -j*z + 77 = -19. Is z a multiple of 8?
True
Suppose 0 = -0*x - x. Suppose 3*d - 12 = q + 5, 2*q + 5*d - 21 = x. Is (-5)/q*8 + 0 a multiple of 16?
False
Suppose -4*t - 60 = -5*u + 44, 4*t = 4*u - 84. Is (u + -10)*3/2 a multiple of 7?
False
Let h(w) = 2*w**3 + w. Let y be h(1). Suppose -3*q - 4*p + 18 = -y*p, 2*p = -6. Suppose 2*c - n = 27 - q, -5*c + 63 = 4*n. Does 4 divide c?
False
Let d(q) = -q**3 + 13*q**2 - 8*q - 12. Does 3 divide d(12)?
True
Suppose -j = -d + 1 + 1, 5*d + 2 = 2*j. Is 6 a factor of (1*d)/(8/(-36))?
False
Suppose -3*h - 13 = -4*h. Suppose -h = -3*o + 2, -o - 11 = -i. Does 8 divide i?
True
Let w(v) = 2*v**2 - 14*v - 36. Does 42 divide w(16)?
True
Is (1/(-3))/((-1)/6) a multiple of 2?
True
Is 7 a factor of (4 + -28)*7/(-4)?
True
Let p = 88 - -184. Is p a multiple of 34?
True
Let f be (-5)/(-20) - 267/(-4). Suppose 3*o - 8 = 1, s + 46 = 2*o. Let t = f + s. Is 20 a factor of t?
False
Let u(g) = -6*g - 9. Is 17 a factor of u(-10)?
True
Let g be -2 + (3 - (2 - 1)). Suppose g = m + 10 - 42. Suppose k = -3*k + m. Is k a multiple of 6?
False
Let x(b) = b - 5. Let z be -2 + ((-10)/(-1))/1. Let g be x(z). Suppose 3*j + 4*k = 136, j + 5*k - 48 = g*k. Is 20 a factor of j?
True
Let w be (-3)/9 + 3/9. Suppose w*z + 5*z = 135. Is 12 a factor of z?
False
Suppose -7 = 4*o - 4*m - 159, 153 = 4*o - 5*m. Is o a multiple of 16?
False
Is (-347)/(-5) + (-2)/(10/(-3)) a multiple of 4?
False
Let a = -5 + 10. Suppose -3*w - 3*c = -24, -3*w + 5 = -a*c - 3. Is w a multiple of 6?
True
Suppose w + 0*w = -1. Let z = -17 - -25. Let s = z + w. Is s a multiple of 3?
False
Suppose 2*l = 3*n, -3*l = 2*n + n - 15. Suppose n*k - 4*s = -12, 4*k - 5*s = 5*k - 29. Does 4 divide (-2)/k + (-34)/(-4)?
True
Let b(n) = 6*n**3 - n**2 + n - 1. Let j(p) = p**2 + 5*p - 3. Let v be j(-6). Suppose 0 = v*w - 11 + 5. Does 20 divide b(w)?
False
Let b(n) = 3*n**3 + 2*n**2 + 3*n + 4. Let x be b(-3). Suppose 2*p + t + 201 + 0 = 0, 3*p - 2*t + 312 = 0. Let a = x - p. Does 12 divide a?
False
Let s(l) = -l**3 - 5*l**2 + l. Suppose -3*o - 12 = -0*o + 2*i, 4*o + 21 = -i. Is 12 a factor of s(o)?
False
Let i(z) = -z**3 + 6*z**2 - z + 8. Suppose 0 = 5*v - 14 - 16. Let n be i(v). Suppose -n*d = 6*x - x - 29, 5*x + 103 = 4*d. Does 11 divide d?
True
Suppose 3*d = 3*c + 18, -4*c = -2*d - c + 14. Suppose 3*f = -3*u + 7*u - 11, 4 = 2*u. Let v = d + f. Is 3 a factor of v?
True
Let k = 1 - 1. Let p = 4 - 1. Suppose -p*a + 10 + 8 = k. Is 3 a factor of a?
True
Let v = 4 + -4. Suppose v*h = h - 3. Suppose 4*x - x - 5 = -o, 5*x = -h*o + 35. Does 20 divide o?
True
Let v(g) = -1 + 0 + 2 - g. Let a be v(-2). Suppose 3*n = -a*c + 90 - 15, 0 = 2*c - n - 35. Does 13 divide c?
False
Does 47 divide 237 - (